 0 = -4*u + 3*m + 17, -3*m + 1 = -2. Calculate the highest common divisor of u and 20.
5
Let g be (-195)/(-75) + 4/10. Suppose -5*b = g*d - 77, 4*d - 88 = 4*b - 7*b. What is the greatest common factor of d and 76?
19
Suppose 2*h - 230 = 4*j, 0*h - 3*h + 3*j = -351. Let k = 199 - h. What is the greatest common factor of 16 and k?
16
Let y be 273*11/((-462)/(-36)). What is the greatest common factor of y and 26?
26
Let m(n) = 7*n + 45. Let q be m(-6). Let v be 4/2*-1 + 14. Calculate the greatest common divisor of v and q.
3
Let y be (-1)/(1 - 30/33). Let a = -7 - y. Let z be 12/a*(2 - 1). Calculate the highest common factor of z and 12.
3
Suppose -4*c = -4, -4*c + 0*c = -5*j + 156. Let m(l) = 44*l + 2. Let o be m(1). Let b = o - j. What is the greatest common factor of b and 126?
14
Let m = 32 - 22. What is the greatest common divisor of m and 10?
10
Let z(v) be the second derivative of 33*v**3/2 + 11*v. Let y be z(2). Calculate the greatest common factor of y and 18.
18
Suppose 7*x - 6*x = 56. What is the greatest common divisor of x and 8?
8
Let x = -32 + 40. Calculate the highest common factor of 12 and x.
4
Let t be ((-114)/5)/((-9)/30). What is the highest common divisor of 19 and t?
19
Suppose 0*n = -5*m - 4*n - 57, 42 = -3*m - 5*n. Let d be -4 + 249 + m/3. Calculate the greatest common factor of d and 22.
22
Suppose -5*d + 2*o + o = -30, -d = -o - 4. Suppose 3*i - 19 - 14 = -3*l, l - 3*i = -d. Suppose 0 = 2*x - x - l. What is the highest common divisor of x and 6?
6
Suppose 2080 = 3*q + 2*q. Suppose 0 = -b - 3*b - q. Let n be 16/(-40) + b/(-10). What is the greatest common factor of n and 90?
10
Let v(r) = r**3 + 3*r**2 - 5*r - 3. Let b be v(-4). Let i(w) = -595*w - 1. Let d be i(b). Let x be (-2)/3 - d/12. What is the highest common divisor of 7 and x?
7
Suppose 12 = -s + 4*s. Let r be 658/s - (-1)/2. What is the highest common divisor of 15 and r?
15
Let i(m) be the third derivative of -m**5/60 - m**4/8 + 2*m**3/3 + 4*m**2. Let u be i(-3). Suppose 2*q - 8 = 8. What is the highest common divisor of q and u?
4
Suppose 2 = v - 9. Let o = v - 8. What is the highest common divisor of o and 3?
3
Suppose -1 - 79 = 2*f - 2*h, -4*f - 176 = 4*h. Let s = 60 + f. What is the highest common divisor of s and 18?
18
Let d(v) = -v + 40. Let l be d(0). Suppose l = 6*s - 2*s + 3*w, -5*w = -20. Suppose -63 = -2*m + m. Calculate the greatest common divisor of m and s.
7
Let z be (-2 + 9/6)*-4. Let t(p) = 2*p**3 - 3*p**2 + p + 1. Let g be t(z). Calculate the greatest common factor of 1 and g.
1
Suppose 3*y - 7*y = -2*c - 42, 5*y - 84 = 4*c. Let l = c + 56. Calculate the greatest common divisor of l and 5.
5
Let b(k) = -k + 2. Let q be b(-6). Let y = 62 - 30. Suppose 2*s - s - y = 0. What is the greatest common factor of q and s?
8
Suppose 390 = 4*l - 2*l. Suppose 4*s - 4*v = 312, -v + 354 = 4*s + 42. Calculate the highest common divisor of s and l.
39
Let a be 2/(3 + -5 + 3). What is the highest common factor of 2 and a?
2
Let g be 17 - 0*(-1)/3. Calculate the greatest common factor of g and 187.
17
Let z = 137 + -97. Let v(o) = -3*o**2 - 2*o + 4. Let i be v(-4). Let p = -26 - i. What is the greatest common factor of p and z?
10
Suppose -4*u = -2*l - 9 + 21, -2*l + 12 = -5*u. Suppose -2*n = 3*p - l*p + 466, 4*n + 8 = 0. What is the greatest common factor of p and 14?
14
Suppose 0*z + 42 = 2*z - 2*o, 5*z - 123 = -o. Let h = -5 + z. Suppose s + t = 95, -s + 3*s - 190 = 5*t. What is the greatest common divisor of h and s?
19
Suppose 2*s - 26 = -2*c - c, 5*c = -3*s + 41. Let m = -51 - -58. What is the highest common factor of s and m?
7
Let m = 37 + -22. Calculate the greatest common divisor of 45 and m.
15
Let s = -45 - 22. Let u = -45 - s. Let t be (-1 + 4)*u/3. What is the highest common factor of t and 11?
11
Suppose 4*z = 20, -2*k = -0*k + 4*z - 636. What is the greatest common divisor of 44 and k?
44
Let a(i) = -2*i. Let g be a(-5). What is the highest common factor of 80 and g?
10
Let m(o) = -13*o + 7. Let n be m(5). Let p = -5 - n. Suppose 0 = -4*s - i + p, -i - 18 = 2*s - 47. Calculate the greatest common factor of s and 4.
4
Let r(a) = 16*a**2 - a + 1. Let v be r(1). Calculate the highest common factor of 72 and v.
8
Let o(p) = p - 6. Let j be o(9). Suppose 3*w = w. Suppose 2*b - 6*b - 4 = w, 5*i + 3*b - 102 = 0. Calculate the highest common factor of i and j.
3
Suppose 0 = -0*f - 5*f. Let i = 9 + f. What is the greatest common divisor of i and 63?
9
Suppose 0*m + 5 = 5*m. Let p be m*(-9)/((-6)/2). Suppose -n + 2*f - 4 = -2*n, -5*n = -p*f - 72. What is the highest common divisor of 24 and n?
12
Suppose 0 = -4*l + 5*b - 920, -l + b + 1121 = -6*l. Let w = -121 - l. Calculate the greatest common factor of 13 and w.
13
Let d(p) = 2*p + 10. Let q(a) = -3*a - 9. Let z(g) = 3*d(g) + 4*q(g). Let s be z(-16). Calculate the greatest common divisor of s and 10.
10
Let c(r) = 1 - 2 - r + 1 + 3. Let j be c(-5). Calculate the highest common factor of j and 2.
2
Let z(f) = 60*f**3 - f**2 + 1. Let w be z(1). Suppose o + 4 + 8 = m, 5*m + 5*o = w. What is the highest common divisor of 48 and m?
12
Let x = -10 + 5. Let g(k) = k**3 + 5*k**2 - k. Let f be g(x). Suppose 5*v = -3*o - 62 + 256, -2*o + 116 = 3*v. What is the greatest common factor of v and f?
5
Suppose -3 + 1 = -5*z + 4*j, j = 2. Suppose 2*v - 4*w = 6 + 54, 5*v = -2*w + 102. Calculate the highest common divisor of v and z.
2
Let h be (45/(-25))/((-1)/(10/3)). Calculate the highest common factor of 12 and h.
6
Suppose 143 = 4*b + h - 2*h, -h + 181 = 5*b. Suppose 104 = -0*w - 4*w. Let q = 44 + w. What is the highest common factor of q and b?
18
Suppose 4*i = b - 5*b + 64, -3*b = 5*i - 78. What is the highest common factor of i and 345?
15
Let r be (6/(-9))/((-4)/(-30)). Let g = r - -8. Calculate the greatest common divisor of g and 1.
1
Suppose -i = 3, 5*o - i = -41 + 219. Calculate the highest common factor of 5 and o.
5
Let v be (-3 - -5) + (-40)/(-2). Suppose -b + w - v = -6*b, -b + 2*w = 0. Let j be ((-2)/b)/(3/(-6)). What is the greatest common divisor of 2 and j?
1
Suppose -3*q = -3*z + 15, 4*z + 3*q = q + 20. What is the greatest common divisor of 5 and z?
5
Let c(g) = g**3 + g**2 + 2. Let m be c(0). Suppose -3 = -x - m*b, -3*b - 2 = -x + 11. What is the greatest common divisor of 63 and x?
7
Let m be 4345/85 - 4/34. Calculate the greatest common factor of m and 408.
51
Let i(p) = -p**3 + 13*p**2 - 12*p + 5. Let d be i(12). Suppose -3*b - 4*k - d = 0, k = -b + 5*k + 9. Calculate the greatest common divisor of 2 and b.
1
Suppose 0*r = -r. Let o be (8 - -2) + r + -1. What is the highest common factor of o and 9?
9
Suppose -3*z - 20 = -5*z. Let a(m) = -2*m - 1. Let o be a(-3). Suppose 5*y + o*d = 104 + 116, -5*d = 2*y - 100. What is the highest common factor of y and z?
10
Let u be ((-1)/2 + 3)*(-104)/(-10). Calculate the greatest common divisor of u and 52.
26
Let x be 32*(-2 - 11/(-2)). Let g be 43/3 - 2/6. Calculate the greatest common divisor of x and g.
14
Let n = 4 - 7. Let f = 6 - n. What is the highest common divisor of f and 1?
1
Suppose a + 20 = 26. Let m = 125 + -59. What is the greatest common divisor of m and a?
6
Let d(i) = i**2 - 4*i - 1. Let n be d(5). Suppose 2*h + 4*m - 56 = 0, -3*m + 61 = n*h - 31. What is the greatest common factor of 8 and h?
4
Let d = 0 + 4. Suppose -d*n = -6*n + 6, n = -4*s + 59. Suppose -3*c = -0*c + 4*a - 356, -2*a - 550 = -5*c. Calculate the greatest common factor of s and c.
14
Let w(i) = -2*i**3 - 10*i**2 - 8*i - 1. Let q be w(-6). Suppose -5*d - 26 = -111. What is the greatest common divisor of d and q?
17
Let w(t) = 2*t**2 + 17*t + 23. Let g be w(-8). Let k = 7 + -1. Calculate the greatest common divisor of g and k.
3
Suppose -l - 4*a + 11 = 0, 0 = -l + 4*a + 11 + 40. Calculate the highest common divisor of 62 and l.
31
Let g(t) = 22*t + 1. Let u be g(1). Suppose 0*l = l + u. Let p = l + 36. Calculate the greatest common divisor of p and 39.
13
Let k(b) = -b**2 + 17*b - 17. Let x be k(13). What is the greatest common divisor of x and 5?
5
Suppose 0 = 9*n - 7*n + j - 65, -4*n - j + 135 = 0. What is the highest common factor of n and 21?
7
Let c(d) = -d**2 - 8*d + 8. Let y be c(-4). What is the highest common factor of 24 and y?
24
Let z(u) = -6*u**2 + 2*u -